*4 - s*w**6 + 1/15*w**5 - 8*w**2 + 0*w. Give t(4).
-3
Let m(j) = 4*j - 6. Suppose 5*i - 10 = 30. Let c be (-3)/((-3)/i*1). Determine m(c).
26
Let k(i) = i + 3*i - 538 + 0*i - 538 - 544 + 1628. Suppose -q + 0 = -4. Suppose 3*m - 7 = q*m. What is k(m)?
-20
Let c(u) = -4*u**2 + 7*u - 4. Let o(q) be the first derivative of 15*q**2/2 - 11*q + 67. Let f be o(1). Give c(f).
-40
Let g(r) = 38 + 7 + 5*r + r**3 - 20 - 9 + r**2. What is g(-4)?
-52
Let q(t) = 595 + 20*t - 624 - t. Let l(c) = -9*c + 13. Let x(i) = 13*l(i) + 6*q(i). Calculate x(-3).
4
Let y = -49 + 52. Let q be y/4*192/36. Let g(o) = o**2 - 81*o - 69*o + 5 + 143*o. Determine g(q).
-7
Let h(z) = -5*z. Let v(t) = -t. Let g(d) = 2*h(d) - 9*v(d). Suppose r = -282 + 279. Calculate g(r).
3
Let t(c) = c**2 - 37*c + 224. Suppose 33*v - 483 - 474 = 0. Let s be t(v). Let u(d) = -2*d**2 - 10*d + 10. Give u(s).
-38
Let x(z) = -z**2 - 11*z + 58. Let d be x(-14). Let h(o) = 0*o**2 + 198*o + o**3 - 66*o - 17 - 59*o - 56*o - d*o**2. Determine h(15).
13
Suppose -2*y - 3*y + 3*z + 23 = 0, 0 = y + 4*z. Let c(g) = -2*g + 3 - 2*g + 3*g + 2*g**2 - 3*g + 0. What is c(y)?
19
Let l(b) = -7*b - 3*b + 1 - 5*b + 0*b - b. Let k(u) = -u**2 + 33*u - 33. Let v be k(32). Determine l(v).
17
Let m(x) = -x**3 - 4*x**2 - 2*x + 12. Let p(j) = 4*j**3 + 14*j**2 + 7*j - 49. Let a(t) = 13*m(t) + 3*p(t). What is a(-5)?
-91
Let t(x) = 11 - 24*x - 38 + 51 + x**2 + 6*x + 15. Give t(10).
-41
Let j(r) = -11 + 19 + 13 - 2*r. Let s be 43 + 88*(-108)/288. Calculate j(s).
1
Let u = 12846 + -12850. Let o(r) = -r**3 - 4*r**2 + r + 2. Determine o(u).
-2
Let i(u) = -6*u**2 - u - 1. Let b(p) = -80*p - 24. Let w be b(-1). Let v be (32/(-20) - -2) + w/(-40). What is i(v)?
-6
Let l(s) = -s**3 + 5*s**2 - 3*s + 6. Let a = -122 + -83. Let i = a - -210. Calculate l(i).
-9
Let o(r) = -6*r**2 + 1. Let m(p) = 41*p**2 - 13*p + 8. Let f(g) = -m(g) - 7*o(g). What is f(-18)?
75
Suppose -3*d - 89 = -32. Let r = -9 - d. Let p(y) = 6*y + 3*y + 4 - r*y. What is p(3)?
1
Suppose -2*u = -u - 15. Let a = u + -6. Let b(h) = -2*h + 31. Let y(v) = -v + 16. Let w(p) = -4*b(p) + 7*y(p). Calculate w(a).
-3
Let d(u) = 4 + 267*u**2 - 266*u**2 - 51*u**3 + 58*u**3. What is d(2)?
64
Suppose -4*g + 18 = -8*g + o, 0 = 5*g + o + 36. Let c(j) = -j**2 - 4*j - j - 1 - 4. Determine c(g).
-11
Let l be 18/(-6) + 0 - -5. Let v(i) = -15*i**2 + 4*i**3 - 5*i**3 + i + 13*i**l + 0 - 2. Let z(y) = y + 12. Let x be z(-10). Give v(x).
-16
Let o be 0 - ((-6)/(-2))/((-12)/8). Let d(b) = 6703*b**2 - 6704*b**o - 8*b + 4 + 2*b. Give d(-4).
12
Let x(p) = -61*p - 1656. Let g be x(-27). Let c(t) = t**2 + 8*t - 1. Determine c(g).
8
Let t(r) = r**3 + 7*r**2 + 4*r - 3. Let i(o) = o + 9. Let d be i(-9). Let z = 1463 + -1458. Suppose d = z*l - 5*m + 50, 0*l - 2*l + m = 16. What is t(l)?
9
Let j(m) = m + 1. Suppose -232*d + 231*d = 58. Let u be (-2)/(-4) + d/(-116). What is j(u)?
2
Let n(d) = 2*d**2 + 7*d + 4. Let x(v) be the second derivative of -v**4/3 - 5*v**3/2 - 9*v**2/2 + 7*v + 2. Let t(i) = -13*n(i) - 6*x(i). Determine t(1).
-1
Suppose -2*u + 5*i - 1 = 15, -30 = -5*u - 5*i. Let z(q) = -9*q - 741*q**3 + 0*q + 3 + 742*q**3 + 9*q**u. Determine z(-10).
-7
Let l(r) = 32*r**2 + 16*r - 103. Let g be l(5). Let v = g + -782. Let h(f) = 2*f + 10. What is h(v)?
0
Suppose -73*s = 2*g - 77*s - 68, 5*g - 5*s - 150 = 0. Let f(a) be the first derivative of g + 4*a**2 + 1/3*a**3 - 7*a. Determine f(-9).
2
Let d(g) be the first derivative of -g**3/3 + 17*g**2/2 - 21*g - 1775. Calculate d(16).
-5
Let i(d) = d. Let v(s) = s + 19. Let b(w) = -i(w) - v(w). Let r be 9/(-6)*(-84)/(-18). Determine b(r).
-5
Let y(q) be the second derivative of -5*q + 1/2*q**2 - 3/20*q**5 + 0 + 0*q**3 - 1/6*q**4. Let x = 2569 - 2570. Determine y(x).
2
Let b(r) = -r + 2*r - r + r - 1 + 24*r**2. Suppose 26*g - 19*g = 7. Give b(g).
24
Let k(l) = 31*l + 10. Let c(z) = 47*z + 11. Let s(m) = -2*c(m) + 3*k(m). What is s(-17)?
25
Let a = -17322 - -17325. Let k(z) be the third derivative of -21*z**2 - 1/24*z**4 + 0*z - 1/3*z**a + 0. Give k(3).
-5
Let o(l) = -9*l - 362. Let j be -5 - (-12 + 34 + 14). What is o(j)?
7
Let w(g) = g**3 - 6*g**2 + 2. Let z be 703/15 - 16/(-120). Let t(p) = -5*p + 4. Let s be t(9). Let m = s + z. Determine w(m).
2
Let g be 25 - 420 - (4/(-1))/(-1). Let p = 393 + g. Let r(d) = 4*d - 2. What is r(p)?
-26
Let r be (2 - -1 - 4) + 3. Suppose 3 + r = 5*l. Let g(p) = 3*p + 2*p + p + l + p**2. Determine g(-7).
8
Let k(v) = v**2 + 12*v + 12. Let b(s) = -s**2 - s**2 - 5*s**2 + 4*s - 14 + 6*s**2. Let j be b(3). Determine k(j).
1
Let r(z) = -4 + 272*z + 2*z**2 - z**3 - 88*z - 89*z - 96*z. Calculate r(3).
-16
Let z(j) = j**2 + 8*j + 2. Let y = -126 + 313. Let h = y + -193. Determine z(h).
-10
Let b(u) = -u**3 - 12*u**2 - 24*u - 24. Let n be b(-10). Let w(m) = 21574 + m**2 - n*m + 0*m**2 - 21568. Calculate w(15).
-9
Let s(t) = t**3 - t**2 + 3*t - 2. Let n(g) = g**2 - g - 15. Let m be n(-5). Let x(p) = 10*p**2 - 5*p + m*p - 8*p**2 - 3*p**2 + 41. Let a be x(13). Give s(a).
8
Let n(m) = 4*m**3 - 2*m**2 - 3*m + 1. Let k(o) = 19*o**3 - 25*o**2 - 16*o - 2. Let l(f) = k(f) - 5*n(f). Determine l(-15).
8
Let r(j) be the second derivative of -j**4/6 + 7*j**3/6 - 5*j**2/2 - 48*j. Let s = 143 - 139. Give r(s).
-9
Let i(o) be the third derivative of -63*o**2 - 1/8*o**4 - 7/2*o**3 - 2*o + 0. Determine i(-5).
-6
Suppose -11*v - v = -v. Let p(z) = 6*z + v*z - z**2 - 4*z + 8 - 3*z. Give p(-6).
-22
Let i = 5749/137688 - 1/11474. Let w(t) be the third derivative of 0*t + 4/3*t**3 + 0 + 19*t**2 + i*t**4. Give w(-5).
3
Let l(q) = q**3 - 16*q**2 + q - 12. Let o be l(16). Suppose -o*k - 12*k = 48. Let z(p) = p**3 + 3*p**2 - p - 2. Calculate z(k).
1
Let m be -4 + (-2)/(-11) - 4/22. Let r be (72/(-60))/(0 - m/(-30)). Suppose -13*w = -r*w - 20. Let c(y) = -y**3 + 5*y**2 - 1. Determine c(w).
-1
Let p be (-7 + 3)/8*-18. Let f(n) = -11*n - n + p + 11*n. Let h(i) = -2*i**2 - 9*i + 5. Let d be h(-5). What is f(d)?
9
Let j(n) = -2*n**3 - 3*n**2 + 3*n - 3. Let u(f) = 3*f - 105. Let r be u(10). Let p be (-56)/(-30) + (-7 - 535/r). Give j(p).
-25
Let d be 7/(21/(-3)) + (-30)/(-5). Let j(z) = -z**3 + 29*z - 9. Calculate j(d).
11
Let n(f) be the second derivative of -17*f**3/6 - 5*f**2 + 58*f + 1. Let u be n(-1). Let k(r) = 4 - 3*r - 6*r**2 + 1 + 4*r**3 - 3*r**3 - 3*r. Calculate k(u).
12
Let d(z) = -5*z**2 + 2*z. Let t = 524 - 515. Suppose -4*y + 3*j = -1 - 6, j = -2*y - t. What is d(y)?
-24
Let r(c) = -c**3 - 2*c**2 + 1. Let o be (-249)/9 + (-2)/6. Let y = o - -3. Let l = y + 23. Determine r(l).
1
Let z(j) = -j**3 + 5*j**2 + 8*j - 8. Suppose 0 = -10*i - 0*i + 830. Let x = i - 75. Let m be (-108)/(-16) + (-6)/x. What is z(m)?
4
Let f(z) = 3*z - 14. Let g(u) = u. Let l(s) = -f(s) - 3*g(s). Let w = 166229 - 166225. Calculate l(w).
-10
Let b(r) = -3*r**3 + 16*r**2 + 36*r - 26. Let v be b(-2). Let n(t) = t**3 + 5 + 9*t**2 - 8*t - 5. What is n(v)?
-20
Suppose 4*m + 4*z - 68 = 0, -3*m - 16 + 59 = z. Suppose m*c = 11*c + 12. Let p(y) = -552*y - y**2 + 280*y + 278*y + 6. Calculate p(c).
6
Suppose -5*p = 25, 2*v + 122 - 23 = -p. Let u(h) = -h**3 - 48*h**2 - 49*h - 87. What is u(v)?
7
Let q(h) = 6*h**2 - 28*h + 46. Let t(s) = -s**2 - 28*s - 25. Let u be t(-27). Let g(y) = y**2 - 6*y + 9. Let i(f) = u*q(f) - 11*g(f). Determine i(-10).
-7
Let k(a) = a - 11. Let v(p) = -36*p**2. Let t be v(-2). Let q = -136 - t. What is k(q)?
-3
Let m(y) be the first derivative of 54*y**2 - 322*y + 6227. Calculate m(3).
2
Let u = -48 + 47. Let x(j) = 2*j**2 + 3*j + 1. Let z be x(u). Let i(p) = -p**3 + p**2 + p + 12. Calculate i(z).
12
Let v(a) = 30*a - 17*a - 9 + 7*a - 13. What is v(3)?
38
Let p(x) = -x**3 - x**2 - 3*x**2 + 0*x**2 - 5 + 2*x. Suppose -4*r + 4*h - 7 + 3 = 0, 2*r + 2*h + 10 = 0. Let a be (-5)/6*r*(-16)/10. Determine p(a).
-13
Suppose -2*c - 5 = -2*z - 3, -2*z = -2. Suppose 17*h = 12*h + 20. Let l(k) = 2*k**2 + h - 2*k**2 - k**2 + 2*k - k. What is l(c)?
4
Suppose 5*d + 3080 = -6*d. Let q = d - -281. Let x(b) = 5*b**2 + b - 2. Calculate x(q).
4
Let s(o) = o - 5. Let a be s(0). Let i(d) be the third derivative of -1/8*d**4 + 120*d**2 + 0*d + 0 - 2/3*d**3. Determine i(a).
11
Let k(v) = -v + 4. Suppose 0 = 3*a - 3*u + 9, 2*a + u = -2*a - 32. Let p(h) = h**2 - 2*h - 13. Let q be p(-4). Let o = a 